{"id":8828,"date":"2022-12-12T10:51:51","date_gmt":"2022-12-12T09:51:51","guid":{"rendered":"https:\/\/www.eurotexgeriatric.it\/shop\/?page_id=8828"},"modified":"2022-12-29T10:29:06","modified_gmt":"2022-12-29T09:29:06","slug":"condizioni-di-vendita","status":"publish","type":"page","link":"https:\/\/www.eurotexgeriatric.it\/shop\/condizioni-di-vendita\/","title":{"rendered":"Condizioni di vendita"},"content":{"rendered":"\t\t<div data-elementor-type=\"wp-page\" data-elementor-id=\"8828\" class=\"elementor elementor-8828\">\n\t\t\t\t\t\t<section class=\"wd-negative-gap elementor-section elementor-top-section elementor-element elementor-element-fdfea44 elementor-section-boxed elementor-section-height-default elementor-section-height-default\" data-id=\"fdfea44\" data-element_type=\"section\">\n\t\t\t\t\t\t<div class=\"elementor-container elementor-column-gap-default\">\n\t\t\t\t\t<div class=\"elementor-column elementor-col-100 elementor-top-column elementor-element elementor-element-a1e3f6b\" data-id=\"a1e3f6b\" data-element_type=\"column\">\n\t\t\t<div class=\"elementor-widget-wrap elementor-element-populated\">\n\t\t\t\t\t\t<div class=\"elementor-element elementor-element-0cae2e1 elementor-widget elementor-widget-wd_text_block\" data-id=\"0cae2e1\" data-element_type=\"widget\" data-widget_type=\"wd_text_block.default\">\n\t\t\t\t<div class=\"elementor-widget-container\">\n\t\t\t\t\t\t\t<div class=\"wd-text-block reset-last-child text-left\">\n\t\t\t\n\t\t\t<h2>Condizioni di vendita Eurotex Srl<\/h2><p>Eurotex Srl si riserva il diritto di modificare, integrare o variare le Condizioni di Vendita e provveder\u00e0 a dare comunicazione di eventuali modifiche alla clientela attraverso appositi canali.<\/p><p><strong>Prezzi esposti<\/strong><\/p><p>Tutti i prezzi dei prodotti indicati all\u2019interno del sito internet, che costituiscono un\u2019offerta al pubblico, si intendono Iva inclusa; sono al netto di spese di trasporto che saranno chiaramente visualizzate prima del perfezionamento dell\u2019ordine.<\/p><p><strong>Procedura d\u2019ordine<\/strong><\/p><p>Gli ordini possono essere effettuati on-line, tramite apposito carrello sul sito e-commerce, o direttamente in sede alla persona incaricata contattando il numero di telefono 035 731156 o tramite email all\u2019indirizzo commerciale@eurotexgeriatric.it.<\/p><p>La corretta ricezione dell\u2019ordine effettuato tramite e-commerce\u00a0\u00e8 confermata da Eurotex Srl\u00a0mediante una risposta automatica inviata all\u2019indirizzo di posta elettronica comunicato dal cliente. Gli ordini ricevuti tramite email e telefono vengono confermati da un messaggio\u00a0inviato all\u2019indirizzo di posta elettronica comunicato dal cliente. Tale messaggio di conferma indicher\u00e0 un \u201cNumero Ordine\u201d, da utilizzarsi in ogni successiva comunicazione.\u00a0Nel messaggio troverete il riepilogo dei prodotti ordinati e tutti i dati personale inseriti dal cliente, il quale si impegna a verificarne la correttezza e a comunicare tempestivamente ogni eventuale correzione. I\u00a0ritardi dettati da errori nei dati non segnalati tempestivamente non sono da imputarsi a Eurotex Srl.<\/p><p>Eurotex Srl emette fattura nel momento in cui i prodotti vengono consegnati al corriere per la spedizione\u00a0e verr\u00e0 inviata al cliente tramite e-mail. Per l\u2019emissione della fattura fanno fede le informazioni fornite dal cliente. Nessuna variazione dei dati sar\u00e0 possibile dopo l\u2019emissione della fattura stessa.<\/p><p><strong>Modifiche su ordini<\/strong><\/p><p>Quando un ordine \u00e8 stato confermato, anche se risulta ancora \u201cin lavorazione\u201d, non \u00e8 comunque pi\u00f9 possibile modificarlo o annullarlo. Si possono tuttavia modificare i dati di trasporto contattando il Servizio Clienti. Se invece lo stato dell\u2019ordine \u00e8 impostato su \u201ccompletato\u201d, vuol dire che l\u2019ordine \u00e8 gi\u00e0 stato spedito e non \u00e8 pi\u00f9 possibile modificarlo.<\/p><p><strong>Disponibilit\u00e0 dei prodotti<\/strong><\/p><p>\u00c8 possibile che si verifichino occasionali non disponibilit\u00e0 dei Prodotti offerti perch\u00e9, per effetto della contemporanea presenza sul sito di pi\u00f9 utenti, i prodotti potrebbero essere venduti ad altri clienti\u00a0prima della conferma dell\u2019ordine.<\/p><p>Qualora i prodotti scelti dal cliente non siano, in tutto o in parte, disponibili in magazzino, Eurotex Srl provveder\u00e0 a comunicare entro 72 ore la mancanza di disponibilit\u00e0 e l\u2019eventuale attesa per il soddisfacimento dell\u2019ordine. Se il cliente e\/o consumatore non dovesse acconsentire ad attendere il tempo necessario per la consegna, il contratto si intender\u00e0 risolto e Eurotex Srl provveder\u00e0 all\u2019eventuale rimborso\u00a0del pagamento.<\/p><p><strong>Spese di spedizione<\/strong><\/p><p>Le spese di spedizione sono pari e euro 9.90 e gratuite per ordini siperiori a 50 euro.<\/p><p>*per Sicilia, Sardegna e Venezia le spese di spedizione sono pari a euro 9.90 anche per ordini superiori a euro 50.<\/p><p><strong>Consegna dei prodotti<\/strong><\/p><p>Eurotex Srl consegna i suoi prodotti all\u2019interno del Territorio Nazionale Italiano, nella Repubblica di San Marino e nella Citt\u00e0 del Vaticano. Le consegne vengono effettuate dal Luned\u00ec al Venerd\u00ec, escluse le festivit\u00e0 nazionali, e avranno luogo senza appuntamento.<\/p><p>La merce viaggia a rischio e pericolo del destinatario. Il vettore \u00e8 responsabile della perdita e dell\u2019avaria delle cose consegnategli per il trasporto. In caso di avarie, furti, manomissioni o perdita durante il trasporto, il destinatario dovr\u00e0 rivolgersi esclusivamente ai vettori. Prima di prendere in consegna le merci si raccomanda di controllare il numero, lo stato e il peso dei colli.\u00a0( Vedi \u201cCome comportarsi alla consegna del prodotto\u201d e \u201cCome comportarsi in caso di danno dovuto al Trasporto\u201d).<\/p><p><strong>Tempi e modalit\u00e0 di consegna<\/strong><\/p><p>I tempi di attesa per ogni prodotto sono indicati nella scheda descrittiva dello stesso. In caso di disponibilit\u00e0 immediata presso i nostri magazzini Eurotex Srl si riserva 24 ore lavorative per \u00a0l\u2019impacchettamento e l\u2019espletamento delle pratiche amministrative necessarie.\u00a0<\/p><p>La consegna viene effettuata al numero civico indicato al piano terreno, non viene effettuato il servizio di consegna ai piani superiori.<\/p><p>Qualora la consegna non andasse a buon fine la merce verr\u00e0 rispedita a Eurotex Srl e il costo relativo al rientro dei prodotti non ritirati verr\u00e0 trattenuto dal rimborso delle somme pagate.<\/p><p><strong>Come comportarsi alla consegna del prodotto<\/strong><\/p><p>Quando il corriere effettuer\u00e0 la consegna il cliente e\/o consumatore dovr\u00e0 verificare che il pacco sia integro, non danneggiato n\u00e9 bagnato e che il numero dei colli indicato sul documento sia corrispondente al numero di colli effettivamente consegnato. Eventuali contestazioni devono essere immediatamente sollevate al vettore; in mancanza di queste, il prodotto si considera consegnato correttamente.<br \/>Il consumatore e\/o cliente dal momento in cui riceve la merce danneggiata e ne chieda la riconsegna al vettore ha azione diretta ed esclusiva nei confronti del vettore stesso.<\/p><p>Eurotex Srl in tali casi deve ritenersi esente da ogni responsabilit\u00e0 per perdite o danneggiamenti della merce dal momento in cui la stessa viene consegnata senza riserve al vettore per il trasporto.<\/p><p>Nonostante la grande attenzione dei nostri magazzinieri, pu\u00f2 succedere che ci siano degli errori nelle spedizioni. Chiediamo in ogni caso di contare attentamente la merce prima di effettuare una segnalazione. Se siete certi della mancanza, contattateci tramite email o telefono per segnalare i prodotti mancanti. Faremo subito delle verifiche sulla merce uscita e capiremo immediatamente se la merce risulter\u00e0 realmente mancante. Spediremo entro 48 ore la merce mancante all\u2019indirizzo di consegna del primo ordine. Accettiamo segnalazioni entro 14 giorni dal ricevimento della merce.<\/p><p>Come comportarsi in caso di danno dovuto al trasporto<\/p><p>Se allo scarico della merce dovesse risultare un danno evidente all\u2019imballo occorre:<\/p><p>accettare la spedizione con riserva, cio\u00e8 apponendo la scritta\u00a0\u201cAccetto con diritto di riserva\u201d sulla lettera di vettura prima di firmare per l\u2019accettazione, specificando i motivi e comunicando tempestivamente, ove possibile, l\u2019entit\u00e0 del danno.<br \/>rifiutare la spedizione, qualora non sia possibile accettare il pacco con riserva o nel caso il danno sia comunque visibile senza dover aprire il pacco.<\/p><p><strong>Forme di pagamento<\/strong><\/p><p>Eurotex Srl accetta per l\u2019Italia, Repubblica di San Marino e Citt\u00e0 del Vaticano le seguenti forme di pagamento:<\/p><ul><li>Bonifico Bancario<\/li><li>Pay Pal<\/li><li>Carta di credito<\/li><\/ul><p>Pagando con bonifico bancario la merce verr\u00e0 spedita solo dopo aver verificato l\u2019avvenuto accredito presso il nostro conto corrente.<\/p><p><strong>Pagamenti dall\u2019Italia:<\/strong><\/p><p>Intestatario del conto Eurotex Srl<\/p><p>Istituto di credito: B PER BANCA<\/p><p>IBAN:\u00a0IT 16 E 05387 53160 0000 4225 6495<\/p><p>La causale da riportare sul bonifico bancario dovr\u00e0 indicare: il numero dell\u2019ordine, il nome e il cognome dell\u2019ordinante. Allo stato attuale del sistema bancario, l\u2019importo bonificato viene accreditato sul c\/c del beneficiario non prima di 3 giorni lavorativi dalla data di effettuazione dello stesso.<\/p><p>Prima di effettuare il versamento, \u00e8 bene informarsi tramite l\u2019Assistenza Clienti se la merce \u00e8 disponibile. Se entro 8\/10 giorni dall\u2019effettuazione dell\u2019ordine non riceveremo il pagamento, l\u2019ordine verr\u00e0 eliminato.<\/p><p><strong>Pagamenti con carta di credito attraverso circuito Pay Pal<\/strong><\/p><p>Pay Pal \u00e8 il modo pi\u00f9 rapido, affidabile e innovativo per pagare e farsi pagare. Chi vende riceve subito il pagamento, chi compra riceve l\u2019oggetto pi\u00f9 velocemente. Scegliendo di pagare con PayPal l\u2019importo viene addebitato direttamente sulla carta di credito o prepagata assegnata. I dati finanziari non saranno condivisi con Eurotex Srl ma saranno gestiti direttamente da Pay Pal. In caso di annullamento dell\u2019ordine da parte del cliente o di mancata disponibilit\u00e0 dei prodotti da parte di Eurotex Srl l\u2019importo viene rimborsato sul conto PayPal del Cliente. Eurotex Srl non sar\u00e0 responsabile per ritardi o danni provocati in fase di rimborso.<\/p><p><strong>Obblighi dell\u2019acquirente<\/strong><\/p><p>Il cliente\u00a0si impegna a pagare il prezzo del bene acquistato nei tempi e modi indicati dal contratto. La inadempienza da parte del cliente di detta obbligazione determiner\u00e0 la risoluzione del contratto senza la necessit\u00e0 di pronuncia giudiziale, fatto salvo il diritto di Eurotex Srl di agire in giudizio per il risarcimento dell\u2019ulteriore danno.<\/p><p>\u00c8 fatto divieto all\u2019acquirente di inserire dati falsi e\/o di fantasia nella procedura di registrazione necessaria ad attivare l\u2019iter per l\u2019esecuzione del presente contratto e le ulteriori relative comunicazioni; i dati anagrafici e le e-mail devono essere reali dati personali e non di terze persone o di fantasia.\u00a0Il cliente esonera\u00a0Eurotex Srl da ogni responsabilit\u00e0 derivante l\u2019emissione\u00a0di documenti fiscali errati, essendone il cliente stesso l\u2019unico responsabile del corretto inserimento.<\/p><p>Il cliente si impegna\u00a0a visionare le presenti condizioni generali\u00a0prima dell\u2019acquisto.<\/p><p><strong>Diritto di reso<\/strong><\/p><p>Ai sensi e nei limiti di cui all\u2019art. 64 del Codice del Consumo, il consumatore ha facolt\u00e0, entro 14 giorni dal ricevimento dei prodotti acquistati, di esercitare il diritto di recesso, consistente nella possibilit\u00e0 di restituire i prodotti ricevuti e di ottenere il rimborso del prezzo pagato, senza penalit\u00e0 e senza necessit\u00e0 di specificarne il motivo.\u00a0Si precisa che questo diritto \u00e8 riservato soltanto alle persone fisiche, cio\u00e8 a quei consumatori privati che agiscano per scopi estranei alla propria professione. Non \u00e8 previsto diritto di recesso per le persone giuridiche e fisiche che agiscano, in riferimento al contratto di acquisto, in ambito professionale.\u00a0Le spese di spedizione e la responsabilit\u00e0 della merce durante la spedizione, come previsto dalla legge, sono a carico del cliente.<\/p><p>Il diritto di recesso decade totalmente qualora il prodotto restituito non sia integro, sia stato stato usato o lavato.<\/p><p>Al suo arrivo in magazzino, il prodotto sar\u00e0 esaminato per valutare eventuali danni o manomissioni non derivanti dal trasporto. Qualora la confezione e\/o l\u2019imballo originale risultino rovinati, Eurotex Srl provveder\u00e0 a trattenere dal rimborso dovuto una percentuale, comunque non superiore al 25% dello stesso, quale contributo alle spese di ripristino.<\/p><p><strong>Restituzione della merce danneggiata<\/strong><\/p><p>Nel caso la merce risultasse danneggiata per cause non derivanti dal trasporto, l\u2019acquirente deve provvedere alla segnalazione di eventuali danni o non conformit\u00e0 della merce entro\u00a010 giorni,\u00a0che decorrono a partire dalla data di ricevimento della merce. Oltre tale lasso di tempo Eurotex Srl non \u00e8 pi\u00f9 tenuta alla sostituzione della merce. Il diritto di sostituzione della merce decade totalmente qualora il prodotto restituito non sia integro, sia stato stato usato o lavato.<\/p><p><strong>Difetti dei tessuti<\/strong><\/p><p>Sono considerati difetti palesi quelli rilevati a vista e che sono pregiudizievoli per il capo finito. Non possono essere considerate oggetto di reclamo per difettosit\u00e0, ai sensi dell\u2019articolo 11, le caratteristiche intrinseche del tessuto e del filato. Per quanto concerne la tolleranza sulle misure fornite il compratore accetter\u00e0 una tolleranza in +\/- del 3% per i tessuti trama\/ordito. Per quanto concerne il peso del tessuto il compratore tollerer\u00e0 una differenza del +\/- 5% al metro quadrato rispetto a quanto dichiarato sulla scheda tecnica.<\/p><p><strong>Stabilit\u00e0 dimensionale<\/strong><\/p><p>La stabilit\u00e0 dimensionale del tessuto non pu\u00f2 essere standardizzata a causa della struttura, del tipo di filato, del tipo di armatura e della categoria di prodotto. Il venditore si impegna ad attenersi alle % di ristringimento indicate sulla scheda tecnica., tenendo conto del valore di tolleranza.<\/p><p><strong>Immagini<\/strong><\/p><p>Le immagini\u00a0sono inserite a\u00a0scopo illustrativo. I prodotti possono subire leggere modifiche che dipendono da produzione a produzione.<\/p><p><strong>Risoluzione contrattuale<\/strong><\/p><p>Eurotex Srl\u00a0 ha facolt\u00e0 di risolvere il contratto stipulato dandone semplice comunicazione al consumatore e\/o cliente con adeguate e giustificate motivazioni; in tal caso il cliente avr\u00e0 il diritto esclusivamente alla restituzione dell\u2019eventuale somma gi\u00e0 corrisposta.<\/p><p><strong>Assistenza<\/strong><\/p><p>L\u2019Assistenza Clienti garantisce un servizio di consulenza al cliente e una completa assistenza pre e post vendita.<br \/>L\u2019accesso all\u2019Assistenza Clienti si ha:<br \/>\u2013 tramite e-mail all\u2019indirizzo commerciale@eurotexgeriatric.it<br \/>\u2013 telefonicamente al numero\u00a0035 731156<br \/>dal Luned\u00ec al Venerd\u00ec (esclusi festivi nazionali) negli orari Mattina 8.30 \u2013 13.00 e Pomeriggio 14.00 \u2013 17.30<\/p><p>Tutela della privacy<\/p><p>Si informa che i dati personali da noi trattati a livello cartaceo e informatico, per adempire ad obblighi imposti dalla legge, dai regolamenti e dalla normativa comunitaria e per gestire i rapporti intercorrenti in ogni fase (precontrattuale, contrattuale, contenzioso ecc.), non saranno diffusi n\u00e9 comunicati a soggetti terzi a fini commerciali, fatti salvi limiti di cui all\u2019art 16 D.Lgs 196\/2003. Eurtoex Srl pu\u00f2 esercitare in qualsiasi momento i diritti previsti dall\u2019articolo 7 del D.Lgs 196\/2003 tra i quali quelli di accesso, di aggiornamento, di integrazione, di opposizione per motivi legittimi e di approvazione al trattamento per fini di direct marketing scrivendo al titolare del trattamento via posta elettronica, raccomandata o fax.<\/p><p><strong>Eurotex Srl Via A. Manzoni 29\/C 24024 Gandino BG<\/strong><\/p>\n\t\t\t\t\t<\/div>\n\t\t\t\t\t\t<\/div>\n\t\t\t\t<\/div>\n\t\t\t\t\t<\/div>\n\t\t<\/div>\n\t\t\t\t\t<\/div>\n\t\t<\/section>\n\t\t\t\t<\/div>\n\t\t","protected":false},"excerpt":{"rendered":"<p>Condizioni di vendita Eurotex Srl Eurotex Srl si riserva il diritto di modificare, integrare o variare le Condizioni di Vendita<\/p>\n","protected":false},"author":1,"featured_media":0,"parent":0,"menu_order":0,"comment_status":"closed","ping_status":"closed","template":"","meta":{"footnotes":""},"class_list":["post-8828","page","type-page","status-publish","hentry"],"yoast_head":"<!-- This site is optimized with the Yoast SEO plugin v27.4 - https:\/\/yoast.com\/product\/yoast-seo-wordpress\/ -->\n<title>Condizioni di vendita - Shop Eurotex Geriatric<\/title>\n<meta name=\"robots\" content=\"index, follow, max-snippet:-1, max-image-preview:large, max-video-preview:-1\" \/>\n<link rel=\"canonical\" href=\"https:\/\/www.eurotexgeriatric.it\/shop\/condizioni-di-vendita\/\" \/>\n<meta property=\"og:locale\" content=\"it_IT\" \/>\n<meta property=\"og:type\" content=\"article\" \/>\n<meta property=\"og:title\" content=\"Condizioni di vendita - Shop Eurotex Geriatric\" \/>\n<meta property=\"og:description\" content=\"Condizioni di vendita Eurotex Srl Eurotex Srl si riserva il diritto di modificare, integrare o variare le Condizioni di Vendita\" \/>\n<meta property=\"og:url\" content=\"https:\/\/www.eurotexgeriatric.it\/shop\/condizioni-di-vendita\/\" \/>\n<meta property=\"og:site_name\" content=\"Shop Eurotex Geriatric\" \/>\n<meta property=\"article:modified_time\" content=\"2022-12-29T09:29:06+00:00\" \/>\n<meta name=\"twitter:card\" content=\"summary_large_image\" \/>\n<meta name=\"twitter:label1\" content=\"Tempo di lettura stimato\" \/>\n\t<meta name=\"twitter:data1\" content=\"10 minuti\" \/>\n<script type=\"application\/ld+json\" class=\"yoast-schema-graph\">{\"@context\":\"https:\\\/\\\/schema.org\",\"@graph\":[{\"@type\":\"WebPage\",\"@id\":\"https:\\\/\\\/www.eurotexgeriatric.it\\\/shop\\\/condizioni-di-vendita\\\/\",\"url\":\"https:\\\/\\\/www.eurotexgeriatric.it\\\/shop\\\/condizioni-di-vendita\\\/\",\"name\":\"Condizioni di vendita - Shop Eurotex Geriatric\",\"isPartOf\":{\"@id\":\"https:\\\/\\\/www.eurotexgeriatric.it\\\/shop\\\/#website\"},\"datePublished\":\"2022-12-12T09:51:51+00:00\",\"dateModified\":\"2022-12-29T09:29:06+00:00\",\"breadcrumb\":{\"@id\":\"https:\\\/\\\/www.eurotexgeriatric.it\\\/shop\\\/condizioni-di-vendita\\\/#breadcrumb\"},\"inLanguage\":\"it-IT\",\"potentialAction\":[{\"@type\":\"ReadAction\",\"target\":[\"https:\\\/\\\/www.eurotexgeriatric.it\\\/shop\\\/condizioni-di-vendita\\\/\"]}]},{\"@type\":\"BreadcrumbList\",\"@id\":\"https:\\\/\\\/www.eurotexgeriatric.it\\\/shop\\\/condizioni-di-vendita\\\/#breadcrumb\",\"itemListElement\":[{\"@type\":\"ListItem\",\"position\":1,\"name\":\"Home\",\"item\":\"https:\\\/\\\/www.eurotexgeriatric.it\\\/shop\\\/\"},{\"@type\":\"ListItem\",\"position\":2,\"name\":\"Condizioni di vendita\"}]},{\"@type\":\"WebSite\",\"@id\":\"https:\\\/\\\/www.eurotexgeriatric.it\\\/shop\\\/#website\",\"url\":\"https:\\\/\\\/www.eurotexgeriatric.it\\\/shop\\\/\",\"name\":\"Shop Eurotex Geriatric\",\"description\":\"\",\"potentialAction\":[{\"@type\":\"SearchAction\",\"target\":{\"@type\":\"EntryPoint\",\"urlTemplate\":\"https:\\\/\\\/www.eurotexgeriatric.it\\\/shop\\\/?s={search_term_string}\"},\"query-input\":{\"@type\":\"PropertyValueSpecification\",\"valueRequired\":true,\"valueName\":\"search_term_string\"}}],\"inLanguage\":\"it-IT\"}]}<\/script>\n<!-- \/ Yoast SEO plugin. -->","yoast_head_json":{"title":"Condizioni di vendita - Shop Eurotex Geriatric","robots":{"index":"index","follow":"follow","max-snippet":"max-snippet:-1","max-image-preview":"max-image-preview:large","max-video-preview":"max-video-preview:-1"},"canonical":"https:\/\/www.eurotexgeriatric.it\/shop\/condizioni-di-vendita\/","og_locale":"it_IT","og_type":"article","og_title":"Condizioni di vendita - Shop Eurotex Geriatric","og_description":"Condizioni di vendita Eurotex Srl Eurotex Srl si riserva il diritto di modificare, integrare o variare le Condizioni di Vendita","og_url":"https:\/\/www.eurotexgeriatric.it\/shop\/condizioni-di-vendita\/","og_site_name":"Shop Eurotex Geriatric","article_modified_time":"2022-12-29T09:29:06+00:00","twitter_card":"summary_large_image","twitter_misc":{"Tempo di lettura stimato":"10 minuti"},"schema":{"@context":"https:\/\/schema.org","@graph":[{"@type":"WebPage","@id":"https:\/\/www.eurotexgeriatric.it\/shop\/condizioni-di-vendita\/","url":"https:\/\/www.eurotexgeriatric.it\/shop\/condizioni-di-vendita\/","name":"Condizioni di vendita - Shop Eurotex Geriatric","isPartOf":{"@id":"https:\/\/www.eurotexgeriatric.it\/shop\/#website"},"datePublished":"2022-12-12T09:51:51+00:00","dateModified":"2022-12-29T09:29:06+00:00","breadcrumb":{"@id":"https:\/\/www.eurotexgeriatric.it\/shop\/condizioni-di-vendita\/#breadcrumb"},"inLanguage":"it-IT","potentialAction":[{"@type":"ReadAction","target":["https:\/\/www.eurotexgeriatric.it\/shop\/condizioni-di-vendita\/"]}]},{"@type":"BreadcrumbList","@id":"https:\/\/www.eurotexgeriatric.it\/shop\/condizioni-di-vendita\/#breadcrumb","itemListElement":[{"@type":"ListItem","position":1,"name":"Home","item":"https:\/\/www.eurotexgeriatric.it\/shop\/"},{"@type":"ListItem","position":2,"name":"Condizioni di vendita"}]},{"@type":"WebSite","@id":"https:\/\/www.eurotexgeriatric.it\/shop\/#website","url":"https:\/\/www.eurotexgeriatric.it\/shop\/","name":"Shop Eurotex Geriatric","description":"","potentialAction":[{"@type":"SearchAction","target":{"@type":"EntryPoint","urlTemplate":"https:\/\/www.eurotexgeriatric.it\/shop\/?s={search_term_string}"},"query-input":{"@type":"PropertyValueSpecification","valueRequired":true,"valueName":"search_term_string"}}],"inLanguage":"it-IT"}]}},"_links":{"self":[{"href":"https:\/\/www.eurotexgeriatric.it\/shop\/wp-json\/wp\/v2\/pages\/8828","targetHints":{"allow":["GET"]}}],"collection":[{"href":"https:\/\/www.eurotexgeriatric.it\/shop\/wp-json\/wp\/v2\/pages"}],"about":[{"href":"https:\/\/www.eurotexgeriatric.it\/shop\/wp-json\/wp\/v2\/types\/page"}],"author":[{"embeddable":true,"href":"https:\/\/www.eurotexgeriatric.it\/shop\/wp-json\/wp\/v2\/users\/1"}],"replies":[{"embeddable":true,"href":"https:\/\/www.eurotexgeriatric.it\/shop\/wp-json\/wp\/v2\/comments?post=8828"}],"version-history":[{"count":2,"href":"https:\/\/www.eurotexgeriatric.it\/shop\/wp-json\/wp\/v2\/pages\/8828\/revisions"}],"predecessor-version":[{"id":9819,"href":"https:\/\/www.eurotexgeriatric.it\/shop\/wp-json\/wp\/v2\/pages\/8828\/revisions\/9819"}],"wp:attachment":[{"href":"https:\/\/www.eurotexgeriatric.it\/shop\/wp-json\/wp\/v2\/media?parent=8828"}],"curies":[{"name":"wp","href":"https:\/\/api.w.org\/{rel}","templated":true}]}}